 (-1 + 26)
-23
Evaluate -12 + 1 + 19 - 21.
-13
Calculate 5 + -9 + 6 - (28 - (2 + 3)).
-21
Calculate 6 - 11 - (3 + -4 + 0).
-4
Evaluate -7 + (4 + -2 - -5 - 2 - 1).
-3
Evaluate 155 + -143 - (2 + 2).
8
7 + -10 - (8 + (9 - (13 - -5)))
-2
Calculate -2 + 3 + 1 + -6 + -1.
-5
15 - (7 + 3 + (-7 - (-2 + 3)))
13
Calculate -8 - ((-23 - -10) + 2).
3
Evaluate -7 + 5 + 12 + -6 + -3.
1
Evaluate -32 + (-4 - 10) + 36.
-10
Evaluate 15 + (2 - (0 + 13 + -9)).
13
Evaluate 6 + (7 - 12 - -15) + -9.
7
What is the value of (27 - 22) + (1 - 21)?
-15
Calculate 0 + (12 - 5) + (-17 - 1).
-11
What is the value of -8 + (-11 - (-2 + 11)) + -6 + 1?
-33
What is (3 - 18 - (40 - 50)) + -8?
-13
(38 - 31) + (-2 + 6 - 2)
9
34 - (-4 + (5 + 5 - (2 + -1)))
29
Evaluate (-12 + 9 - -2) + 4.
3
-14 + 9 - 2 - 6
-13
What is the value of -5 - (-1 + 5 + -12) - 15?
-12
-7 + (-9 - -21 - 7) - (14 + 1)
-17
(18 - (10 + 6 + -9)) + -13
-2
Evaluate -33 + -3 - (6 + (-20 - -10)).
-32
What is 2 - 1 - (73 + -73)?
1
Evaluate -12 + (1 + -2 + -2 - (-226 - -222)).
-11
What is the value of 2 - 3 - 2 - (-9 + (18 - 4))?
-8
17 - (-12 - -30 - 12)
11
Evaluate (8 - 12) + 14 + -14 - 3.
-7
What is (-10 - -13) + (-3 - -3 - -4) - 23?
-16
What is the value of -4 + -6 + -1 + 10 + -10?
-11
Evaluate 25 + (25 - 41) + (11 - (6 - 1)).
15
What is 43 + 1 + -38 - (1 - 0)?
5
Calculate (-1341 - -1353) + -7 + 1.
6
0 + (-2 - -9 - -11) + -1 - -7
24
-6 + 21 + (10 - 7)
18
-1 - -7 - (1 + 1 + 2 + -8)
10
What is (10 + (-9 - -9) - 9) + 5?
6
Evaluate (12 - (23 + (12 - 31))) + (1 - -1).
10
What is 0 + 2 + -23 + -7 + 39?
11
Evaluate -20 + 5 + (-21 - -29).
-7
Evaluate -8 + 2 - (4 + (4 - 31) + 7).
10
What is the value of 1 + (-18 - -11) + 14?
8
Calculate 7 + (-6 + -1 - (3 + -12 - -25)).
-16
What is (1 + -4 - -15 - 1) + -13?
-2
Evaluate 14 + -9 + -15 + (-9 - -6).
-13
Calculate 19 + -35 + -23 + 20.
-19
What is (-2 - -20) + (-11 - 7)?
0
What is the value of 0 + 3 + 23 + 8 + -15?
19
What is -3 + 6 + (10 - 11) + 1 + -3?
0
(55 + -50 - (3 + 3)) + 16 + 0
15
What is 7 - ((-21 + 11 - -38) + 0)?
-21
5 + (4 - 11) - 13
-15
What is 63 + -106 + 62 - (1 + 43)?
-25
10 - (9 + -6 + (16 - 9))
0
(-36 - 1) + (3417 - 3406)
-26
(-19 - -34) + 2 + -27
-10
What is -1 - -15 - (-300 + 361) - -14?
-33
What is the value of (-1468 - -1473) + (-5 - 1) + (0 - 0)?
-1
Evaluate (1 + 5 - 13) + -9.
-16
19 + -17 - (-9 + (27 - 10))
-6
What is the value of 85 + -96 + (0 - (5 + -2 - 2))?
-12
-1 + -25 + 3 + 17
-6
What is (-10 + 11 - 2) + -14 - -29?
14
What is 0 + (-2 - -1 - 5) + -99 + 83?
-22
20 + -54 - (-5 + (2 - 3))
-28
Calculate -26 + (-4 - -2) + 1 + (177 - 176).
-26
-3 + -4 + -9 + 15 + -4
-5
What is -5 - (0 - (0 - (-3 - -5))) - -20?
13
Evaluate 17 - ((3 - 8) + (1 - 3) + 13).
11
What is the value of -17 + 19 + 27 - 4?
25
Evaluate -5 + (5 - (-3 + -7 + 0)).
10
25 - 7 - (9 - (10 - 12))
7
Calculate (0 - 3) + 3 + 8 + (-7 - 4).
-3
Evaluate 3 + -5 + 6 + -12 + 2 + 5.
-1
What is 5 - (-5 + 18 + -4 - (-2 - -7))?
1
Calculate 1890 - 1925 - (-1 + -1).
-33
-9 + 0 - -5 - (7 - 5)
-6
Evaluate 7 - 10 - (-5 + (-32 - -17)).
17
What is the value of -12 + -7 + 19 + (20 + -11 - 15)?
-6
What is the value of -10 - (-158 + 165 + (0 - -1))?
-18
Evaluate (-9 + -4 - -14) + -17.
-16
Evaluate 56 - (28 - 21 - -23).
26
What is the value of -39 + (43 - 24) + 11?
-9
Evaluate (-13 - 6 - -4) + (-1 - (-1 - 2)).
-13
What is the value of -10 + 20 + -7 + -28?
-25
Evaluate 21 - ((-11 - -10) + 16).
6
Evaluate 3 + (8 - -7) + (-5 - 2).
11
-13 + (14 - 0) + (17 - 31)
-13
What is -1 - 3 - (80 + -91) - (0 - -1)?
6
What is the value of 2 + -2 + -11 - -28 - 11?
6
What is 2 + (-2 - 1) - (102 + -90)?
-13
What is the value of -6 + 0 - (-226 + 223)?
-3
What is 19 - ((-3 - (-12 - -18)) + 10)?
18
What is the value of 4959 + -4983 - (-2 - (2 + 0))?
-20
Evaluate -65 - (-24 + -8) - (-14 + 2).
-21
What is the value of 3 + (13 - 7) + -12 + (-1 - -1)?
-3
Calculate (13 - -3) + 8 + -16 + 9.
17
(19 - -5) + -20 - (1 - -1 - -33)
-31
Evaluate 8 + (-22 - (-5 + -2)) - -8.
1
What is the value of -1 - -1 - (-609 + 588)?
21
What is the value of 38 + -56 - (-8 - 0 - -1) - 3?
-14
Calculate -39 - (22 - 37) - -14.
-10
Calculate 36 + (8 - 21) + -7.
16
What is (3 + 13 - 0) + -6 + -12?
-2
What is -20 + 5 + 0 + -4 + (-114 - -119)?
-14
Evaluate -1 - 19 - (293 + -310 - (-9 - 1)).
-13
What is the value of -36 + 35 + (-6 - -2) + 16?
11
What is 23 - 7 - (8 - (20 + -55))?
-27
What is the value of 4 + 55 + (-18 - 20)?
21
Calculate 20 - (7 - -9 - (12 + -3)).
13
Evaluate -10 - 2 - ((-12 - 3) + 12).
-9
What is (-1 - 1) + 2 + (-5 - 6)?
-11
What is the value of -18 - (-1 - 12 - (2 + -6))?
-9
What is the value of -4 + -4 + (-2 - (-30 - -3 - -7))?
10
Calculate -22 + -25 + 3 + 43.
-1
Evaluate (-3 - -29) + (-121 - -112).
17
Calculate -5 - (2 + -12 - ((-22 - -24) + 2)).
9
What is the value of -31 - (6 + -2 + 27 + -29 + -10)?
-23
What is (11 - (5 + 49)) + 19?
-24
Calculate 3 + 26 + -10 - 18.
1
Evaluate (-5 + -2 - 1) + 30 + -13.
9
3 - (7 + -6 + 4)
-2
-25 - -2 - (24 - (10 + (-3 - -5)))
-35
Calculate 12 - -1 - (2 + 1).
10
What is the value of (-5 - 16) + (33 - 18)?
-6
What is 4 - (0 + (1 + -1 - (-37 - -40)))?
7
-4 + (2 - (5 + -3)) + (-46 - -46)
-4
What is 18 + (-22 + 41 - 21)?
16
-3 + 2 + -5 - (-1 - (-1 + 6))
0
What is the value of -15 + -46 + 54 + -12?
-19
11 + 5 + (11 - (-8 + 0 - -15))
20
Calculate -7 + (6 + -16 - -27) + -11.
-1
Evaluate (-2 - (-1 - -1)) + (2 - 23 - -17).
-6
Calculate -12 + 2 + 7 + 1.
-2
What is 4 + 3 + 7 + -21 - -9?
2
Calculate -69 - -114 - (7 + -6 + (7 - 3)).
40
Evaluate -15 + (14 - 4 - (39 - 34)).
-10
Calculate -19 - (-33 - -20 - -19) - -15.
-10
What is -15 + (13 - -2) - -8?
8
13 + -15 + 9 + (2 - (0 - -3))
6
(-21 - -26) + -4 - -13
14
(3 - 1) + -9 + (5 - (2 - -12))
-16
Evaluate -33 + (29 - 14) + (4 - 0).
-14
Calculate -15 - 0 - -7 - (4 + -4).
-8
Calculate -14 + (8 - (4 + -9)).
-1
0 + -9 + 24 + -7 + -11 + 20
17
16 - 1 - ((7 - -1) + (-168 - -156))
19
What is 2 + -11 + -8 + 5?
-12
Calculate 6 - (0 + 0 + 3 + -1 - 5).
9
Calculate (0 - (14 - 14)) + (6 + -1 - -3).
8
Calculate (25 - 2) + -71 + 59.
11
Evaluate -1 - (-7 - (5 + (-3 - 3))).
5
What is -13 - (-8 - 3) - (0 + 2)?
-4
Calculate -5 + (22 + 0 - (15 + -22)) - 5.
19
What is 2 - (-8 - (4 + -13))?
1
(19 - -2) + (258 - 262)
17
Calculate (6 + -2 + -1 - -5) + -7 + 12.
13
What is the value of -28 - (-9 - (13 + 17))?
11
Calculate -13 + 16 + -12 - -25.
16
Evaluate 16 + (-6 + 0 - (1 - (-26 + 30))).
13
What is 13 + (8 - 12) - 0?
9
Calculate -29 - -45 - (-12 + 36).
-8
Calculate -13 - ((-30 - -22) + (3 - 2)).
-6
What is (2 - -3) + -14 - (-8 + 3)?
-4
What is the value of -7 - (7 + -1 + -9 + 4)?
-8
What is -15 + 24 - (11 - 4)?
2
-7 - (-7 - -11 - 16)
5
(-25 - -39) + -16 + 1
-1
What is 16 - (2 + 1 - -5 - (-11 - -24))?
21
-21 - (4 - (-12 + 21 + (2 - 12)))
-26
What is the value of 2 - 42 - (-711 - -694)?
-23
Calculate (-11 - 9) + 9 - -2.
-9
Calculate (9 - (2 - 0)) + -6 - 7.
-6
What is (4 - 10) + -14 + 2?
-18
What is the value of 10 - 17 - 0 - -17?
10
-1 - 1 - (24 - (-3 - (-10 - -3)))
-22
What is 0 - -1 - 14 - (14 - 46)?
19
What is -24 + 4 + 9 + -11?
-22
What is 0 - ((-39 - -36) + 0 + 1)?
2
-2 + -2 + (25 + -4 - 1)
16
19 + -4 + (-8 - -1) - 5
3
What is the value of (0 - 6) + 2 + 6 - (-2 - -6)?
-2
-1 + -2 + -1 - (-16 - -10) - 0
2
What is 4 - (-27 - -16) - 34?
-19
What is 6 - (-17 - -8) - (9 + -3)?
9
What is -4 - -10 - -11 - (9 - (-6 + 9))?
11
-21 - (-2 - (-8 - -22))
-5
Calculate -1 - -3 - (-9 - -6 - 4 - 0).
9
What is 1 - (-26 - -19) - (14 - 1)?
-5
Calculate -16 + 1 - -15 - (0 - 1).
1
What is 12 + 8 + -12 + -12?
-4
What is the value of 3 + (-2 - 5) + 6?
2
What is the value of -19 + -1 - 16 - -44?
8
Calculate 8 - 2 - (221 + -201).
-14
10 + 8 + -15 + -2 + (-4 - 2)
-5
Calculate -13 - (3 - (4 - -17)).
5
What is the value of (0 - (-7 - -3 - -5)) + -6 + -7?
-14
38 + -15 - 32 - -34
25
What is 20 + 3 + (-20 - (-11 - -7))?
7
Calculate -11 - (-19 + -13 + 12).
9
Calculate (26 + -20 - 12) + (26 - 5).
15
Calculate 1 + -1 + 6 + -9 + 5 - -18.
20
4 - (-15 + 3 + 13)
3
2 - ((2 - 4) + 7 + (1 - 4))
0
What is (-4 - 13 - (-1 - 2)) + (-10 - -12)?
-12
What is (-35 - 1) + -6 + -3 + (-9 - -24)?
-30
Evaluate 0 - -5 - ((-25 - -42) + (-9 - 0)).
-3
What is the value of 17 + -5 + -17 + 17?
12
Evaluate (32 - 16 - 17) + -2 + 12 + 9.
18
What is the value of -12 - (-5 + (1 -